e the second derivative of g**5/20 - g**4/2 - g**3 - 9*g**2 - g. Is m(j) prime?
True
Suppose l - 1120 - 72 = 0. Suppose 5*p + 3321 = 6. Let c = p + l. Is c a composite number?
True
Let s = -80 - -88. Suppose 2*z - 5267 = -13*n + s*n, -3*n = 3*z - 3153. Is n composite?
True
Let x = -2513421 + 3619742. Is x a prime number?
False
Let s = 16 + -104. Let n = -88 - s. Suppose c = -k + 3413, 4*k + c + c - 13652 = n. Is k prime?
True
Let k = -2158393 + 3049416. Is k composite?
True
Let i = 404671 - 206784. Is i prime?
True
Let y be 18/(-36) + 1/(4/2406). Suppose -y = 11*f - 12*f. Suppose h = -h - u + f, h = 5*u + 317. Is h a composite number?
True
Let p = -120 - -174. Suppose r = -0*x - 3*x + p, -x + 3*r + 18 = 0. Suppose 14*b + 12292 = x*b. Is b a prime number?
False
Suppose 0 = 6*f - 2*m - 103932, -4*f + 34383 = -m - 34904. Is f a prime number?
True
Let y = -487 + 834. Let l = -227 + 81. Let g = y - l. Is g composite?
True
Let g(p) = -135*p + 133. Let i be g(26). Let a = -2308 - i. Is a a prime number?
True
Let v be 8 + -11 + 0 + 2. Is (-1)/(v/(-4164)*-4) a prime number?
False
Let d be 3/((-36)/(-15))*4. Suppose 0 = -d*o + 48 - 138. Is ((-13894)/o*6)/((-4)/(-6)) composite?
False
Let b be (-180)/8*(-158)/3. Suppose 3*d + 3*a - b = -0*a, -a = 2. Is 1*3 + d + 9 a prime number?
True
Let z = 280 - 276. Suppose -22664 = -4*c - z*s, 16 + 9 = -5*s. Is c a composite number?
True
Let f = -15094 - -30200. Suppose 8*d = 23222 + f. Is d a prime number?
False
Suppose 0 = -0*b - 4*b + 48. Suppose 14*s + b = 12*s. Is 4071/15 + s/15 a composite number?
False
Let o(u) = 7737*u**2 + 12*u - 24. Let z be o(3). Suppose 3*x - 41773 = -0*f + f, -5*x - 3*f = -z. Suppose 9*k = 3*k + x. Is k a composite number?
True
Suppose 0 = -3*w - v + 12735 + 12216, 0 = 2*v + 6. Suppose -4*q - c + 29509 = w, -3 = -c. Is q a composite number?
False
Let s = 4897 + 774. Is s a prime number?
False
Let v = 568611 - 277688. Is v composite?
False
Suppose -2*n = -0*n + 4*j - 12, -j - 17 = -2*n. Suppose 5*z - n*z + 4629 = 0. Is z a prime number?
True
Suppose -10100492 - 11419075 = 57*n - 84*n. Is n prime?
True
Let k = -153 - -140. Suppose r + 4*n - 10 = 0, 4*r - 5*r = -4*n + 14. Is (-35196)/(-52) + r/k a composite number?
False
Let q(a) = -14103*a + 913. Is q(-2) composite?
True
Let x = -24823 + 39912. Is x prime?
False
Suppose 13*q - 15*q - 29 = 5*p, 3*q = 4*p + 14. Let m = 4 - 3. Is (-1*m*q)/((-30)/(-1065)) prime?
True
Let i(c) = -55*c**2 + 18*c + 155. Let y be i(-19). Is 20/8*y/(-55) composite?
False
Is -2*(166967/(-6))/(((-44)/(-12))/11) prime?
True
Suppose -21*f = -25*f + 376. Suppose -p + 136 + f = 0. Let o = p - 156. Is o a composite number?
True
Suppose 0*w - w + 8 = 3*y, 12 = 2*y + 2*w. Let c be (y - 4) + 19914 + (-2 - -2). Suppose 6*q - c = 3*q. Is q a composite number?
False
Let j be (-4 + 1 - -6)/((-6)/(-16)). Let p(u) = -u**2 + 12*u + 9. Let n(d) = -13*d - 8. Let r(v) = -5*n(v) - 6*p(v). Is r(j) composite?
True
Let w = -58440 - -143879. Is w composite?
False
Suppose 4*i = -i + 15. Let p be (i/(-18)*32)/(2/(-3)). Suppose 298 = 10*v - p*v. Is v a prime number?
True
Let r(s) = 9*s**3 + 34*s**2 - 19*s - 197. Is r(15) a prime number?
False
Suppose i - 3*i = -5*k + 94505, -k + 189037 = -4*i. Let s = 67517 + i. Is s a composite number?
True
Is (46461 - -8)*(-17 + 19)/(4 + -2) composite?
True
Let z be ((-21)/14)/((-6)/4). Let d(m) = -z + 7*m**2 - 5*m**2 - m + m**2. Is d(13) a composite number?
True
Suppose -65 = 2*q - 15*q. Suppose 2*b + 2*t - 7559 = t, q*t - 5 = 0. Is b composite?
False
Suppose u = 3*w + 18734 + 19602, 2*w + 115043 = 3*u. Is u a prime number?
True
Let q be (1 + (-21)/15)*-15. Suppose 7*x - 8 = q. Suppose 0 = -2*u - 8, -7*u + 58 = 3*f - x*u. Is f composite?
True
Suppose 0 = -57*v + 53*v + d + 198875, -7*v + 348035 = -3*d. Is v prime?
False
Let j = 23100 - 2341. Is j prime?
True
Let z(v) = 122*v - 19. Let s be z(-10). Is (16 - s)/(0 - -1) a prime number?
False
Let n(i) = 709 + 693 - 1532 + 535*i. Is n(5) prime?
False
Let k be (7 - 9) + (6 - 0). Suppose 0 = -p - 3*l + 533, 0*l - 5*l - 2064 = -k*p. Is p a prime number?
True
Let q = -11207 - -6520. Let v = -3150 - q. Is v prime?
False
Let h = -634 + 634. Suppose -18*v + 127666 + 1088 = h. Is v composite?
True
Is 68/442 - (-189116)/52 prime?
True
Let u(o) = 3090*o - 961 + 947 - 21817*o. Is u(-1) prime?
True
Let l be 2455/(1 - 0) - 3. Let r(u) = 3*u**2 + 3*u - 941. Let y be r(0). Let q = l + y. Is q a prime number?
True
Suppose -3846 + 10281 = 26*w - 21697. Is w a composite number?
True
Suppose -96*k - 201*k = -287721423. Is k a prime number?
False
Suppose 5*u = i - 59294, 16*u = 3*i + 18*u - 177933. Is i composite?
True
Let f be 2/(-8) + (-255)/(-12). Let r(v) = -231*v - f - 12 + 7. Is r(-9) composite?
False
Let u(t) = 5894*t + 2291. Is u(22) a composite number?
False
Suppose -58 = -2*o + u, 0 = -4*o - 5*u + 118 - 30. Let h = o - 23. Is h/1 - 1467/(-1) a prime number?
True
Let a = -13781 - -158530. Is a composite?
True
Let j = -174 + -215. Let q = 4370 - j. Is q prime?
True
Let g be (-1007645)/158*(-1 - 3/(-5)). Let b = 262 + g. Is b a prime number?
False
Is 21/(-6)*(-3013940)/70 a composite number?
False
Let h(b) = -44275*b - 3512. Is h(-3) a prime number?
True
Let s be (((-60)/10)/(0 + -2))/1. Is ((-146)/6)/((-1)/117*s) prime?
False
Let l(n) = n**2 + 11*n + 4. Let u be l(-11). Suppose -2*c = c - u*j - 4323, 0 = -2*c + 2*j + 2882. Is c prime?
False
Let i = -8617 + 20495. Is i a composite number?
True
Is ((-7309221)/6 - 30/(-20))/(-2) composite?
False
Let g(q) = -15*q - 87. Let n be g(-6). Is (4 - (n + -4)) + 3428 a prime number?
True
Let p(k) = -6*k**3 - 4*k**2 - 4. Let l(f) = -5*f**3 - 3*f**2 - f - 3. Let b = -43 - -38. Let i(w) = b*l(w) + 4*p(w). Is i(4) a composite number?
False
Is 386446/4 - -1 - (-77)/154 a prime number?
False
Suppose 75*f + 47008473 - 216354738 = -90*f. Is f a composite number?
True
Is (38/(-2))/(3/108087*-7) a composite number?
True
Suppose 32 = 2*u + 34. Let g(f) = 22*f**3 + f**2 - f - 2. Let v be g(u). Is (-4 - v/6)/((-2)/4314) prime?
True
Let f be 90/14 + 5 + 152/(-28). Suppose -4*c - 4*v + f = -6, 4*c - 3*v - 26 = 0. Suppose -c*l - 96 + 1151 = 0. Is l composite?
False
Let n = 102 - 97. Suppose 4081 = 2*c + v, -n*v + 6842 = 3*c + 710. Is c a prime number?
True
Suppose -3*m + 2*m + 20332 = -5*b, 20282 = m + 5*b. Let d = -7004 + m. Is d a composite number?
True
Suppose 32 = -3*n - 4*y, 2*n - y = 6*n + 34. Let k(i) = -i**3 - 4*i**2 - 18*i - 3. Is k(n) a composite number?
False
Let q be (4 - (-9)/(-3))/(-1). Is q + 3 + 2899 + 0 a prime number?
False
Let s be (2/(8/(-923)))/((-17)/13124). Suppose -s = -5*n - z, 56*z - 61*z = -n + 35607. Is n a prime number?
False
Suppose 4 = z - c, -32*z - 4*c = -27*z - 20. Let x(k) = k + 2. Let j be x(3). Is j*339 - z - -2 composite?
False
Suppose 107*z - 574*z = -209622652 + 48694919. Is z prime?
True
Let h(t) = t**3 - 6*t**2 - 6*t - 10. Let m(q) = q**3 - 7*q**2 + 7*q + 1. Let i be m(6). Let y be h(i). Let d(c) = 36*c**2 - 7. Is d(y) a composite number?
False
Is ((-65)/130)/((-1)/2091754) composite?
True
Suppose 0 = 6*u + 15045 - 65403. Suppose -309*b + 298*b + u = 0. Is b a composite number?
True
Suppose -3923787 - 361086 = -16*l - 235321. Is l a composite number?
True
Let j = 110385 - -91948. Is j a composite number?
True
Suppose -8037 = -26*t + 89 - 872. Suppose -3*u + 121 = -2*u. Let d = t - u. Is d prime?
False
Let m = -19 + 32. Let w be (-2)/13 + 2/m. Suppose -15*f + 13*f + 1226 = w. Is f a prime number?
True
Suppose 248 = -3*m + 4*c, 0 = -m + 5*c - 28 - 62. Is (m/(-25))/4 - 447555/(-25) a prime number?
True
Let c be (-9)/((-1)/1)*2/6. Suppose -8 = -x + p, p - 1 = -c. Is (-2273)/(-6) + x/36 prime?
True
Suppose -2*z + 110757 = s, 4*z - 3*s - 347390 = -125851. Is z composite?
False
Suppose -2*g + 6*g - 19512 = 0. Suppose -g - 4566 = -4*k. Is k a composite number?
True
Let p(l) = 2*l**2 - 4*l - 25. Let d be p(-3). Suppose 10*s - 36775 = d*s. Is s a prime number?
False
Let f(z) = 109*z**2 - 3 + 28*z**2 - 4*z + 8*z. Is f(2) composite?
True
Suppose -7*p - 34860 = -117229. Suppose -4*f - 2*q - 3*q + 47118 = 0, -p = -f + 5*q. Is f prime?
True
Suppose -2*c = -32 - 20. Let a be (-192)/(-104) + 4/c + -27. Is (4/5)/(10/a) - -1803 a composite number?
False
Let u be (4/(-3))/